7cb8
In base 11, what is -2708 - -30?
-2688
In base 6, what is 4 - 114513?
-114505
In base 7, what is 16551 + 226?
20110
In base 3, what is 1 - -201221102020?
201221102021
In base 12, what is 339 + -24?
315
In base 14, what is 20 - -8aa?
8ca
In base 10, what is -70 - 199?
-269
In base 8, what is -2567 + -1620?
-4407
In base 2, what is -1001 - 1111010000001100?
-1111010000010101
In base 14, what is 0 - -56bd?
56bd
In base 6, what is -5 - -42453?
42444
In base 16, what is d + 1fe1?
1fee
In base 5, what is 1002 - -1401?
2403
In base 6, what is -20 - -2015?
1555
In base 7, what is 14 - 404?
-360
In base 8, what is -1545325 - 3?
-1545330
In base 14, what is 22 - -2918?
293a
In base 12, what is -2 + 6b25?
6b23
In base 8, what is -11 - 361600?
-361611
In base 3, what is -1011210022111 - -10?
-1011210022101
In base 7, what is 16 + -425145?
-425126
In base 8, what is -23 + -30563?
-30606
In base 11, what is 1267 + -380?
997
In base 12, what is -11 - 59a6?
-59b7
In base 9, what is 25 - -115?
141
In base 10, what is 2470516 - 4?
2470512
In base 14, what is 1 - -3ba3?
3ba4
In base 7, what is -12122 - 32?
-12154
In base 11, what is -4213a2 - 3?
-4213a5
In base 5, what is 42120233 - 30?
42120203
In base 4, what is 33313 - 222?
33031
In base 5, what is -14013134 - 4?
-14013143
In base 2, what is 111 - 1010000111111?
-1010000111000
In base 13, what is -22c + 119?
-113
In base 11, what is 4 - 380924?
-380920
In base 7, what is -12 - 1510642?
-1510654
In base 8, what is 0 + -15601?
-15601
In base 7, what is 0 + -443604?
-443604
In base 14, what is -17 - 2a230?
-2a247
In base 8, what is 10662 - 16?
10644
In base 14, what is -47 - -16bc?
1675
In base 13, what is 5 - cca2?
-cc9a
In base 8, what is -40 + 127131?
127071
In base 11, what is 2a7 - 261?
46
In base 7, what is -141 - 236565?
-240036
In base 5, what is -1144334 - 10?
-1144344
In base 12, what is -1 - 1b0299?
-1b029a
In base 13, what is 9 - 15a81?
-15a75
In base 4, what is -10 - -1102112221?
1102112211
In base 2, what is 11001111000011 - -1111?
11001111010010
In base 13, what is 2 - -6ba88?
6ba8a
In base 6, what is 3 + -3451355?
-3451352
In base 7, what is -516205 - 1?
-516206
In base 10, what is 405732 + -5?
405727
In base 15, what is bed98 - 5?
bed93
In base 15, what is 480c8 - -5?
480cd
In base 2, what is 111010110000101 - 1010000?
111010100110101
In base 15, what is -79c - -e?
-78d
In base 9, what is 3 + 122371?
122374
In base 11, what is -891142 - 2?
-891144
In base 10, what is -465 - 918?
-1383
In base 16, what is -359 - -5d3?
27a
In base 9, what is 4 + 103818?
103823
In base 7, what is 35 + 5604?
5642
In base 11, what is -11656 + 4?
-11652
In base 14, what is 149 - 4d?
da
In base 3, what is 1012211100211 - 10?
1012211100201
In base 10, what is 160 + -66?
94
In base 11, what is -1821a0 - -4?
-182197
In base 15, what is -21c - a33?
-c50
In base 12, what is 284 - -48?
310
In base 4, what is -1 - 3023000?
-3023001
In base 5, what is -4403 + -3414?
-13322
In base 6, what is -1412 + 40302?
34450
In base 14, what is -cc1 - -2?
-cbd
In base 11, what is 0 - -9a01?
9a01
In base 16, what is -28d + 169?
-124
In base 9, what is -4 - -1763?
1758
In base 7, what is 15 - -220520?
220535
In base 12, what is -51b78b + 0?
-51b78b
In base 9, what is 2 + 110435?
110437
In base 14, what is -27 + -5c4?
-60b
In base 14, what is 32083 + -5?
3207c
In base 2, what is -111110111001 - 100100?
-111111011101
In base 16, what is 3 + 2ed4b?
2ed4e
In base 7, what is 1322012 - -10?
1322022
In base 15, what is 73 + -3?
70
In base 2, what is -1111 + 100110100?
100100101
In base 8, what is -11 - -307?
276
In base 14, what is 1779 - -129?
18a4
In base 7, what is -12 + -216165?
-216210
In base 11, what is a45 + -101?
944
In base 12, what is -178 + -b405?
-b581
In base 7, what is -5 + 16?
11
In base 15, what is -71 + -1b0e?
-1b80
In base 12, what is 9139 + b3?
9230
In base 10, what is -20529 - 5?
-20534
In base 11, what is 11698 + -1?
11697
In base 15, what is -5d57c + -2?
-5d57e
In base 2, what is -110110100000101110 - 1?
-110110100000101111
In base 12, what is 2a721 - 0?
2a721
In base 4, what is -10 - -1320323?
1320313
In base 8, what is 6 + -232757?
-232751
In base 7, what is 3530 + 16?
3546
In base 11, what is 1128 - -15?
1142
In base 5, what is 13440 - -3434?
22424
In base 11, what is -67aaa + 4?
-67aa6
In base 14, what is -1d059 + 4?
-1d055
In base 15, what is -c5 + 3?
-c2
In base 2, what is -1110100011101111100 + -11?
-1110100011101111111
In base 4, what is 1203 - -2023200?
2031003
In base 16, what is -22 - -47f?
45d
In base 16, what is -5e2 + -af?
-691
In base 13, what is 1 - -26382?
26383
In base 14, what is 4 - 16521?
-1651b
In base 3, what is -2100212121 + -1?
-2100212122
In base 14, what is -725 + 151?
-5b4
In base 5, what is 1244202 + 2?
1244204
In base 2, what is -110111010111001 - -1001100?
-110111001101101
In base 2, what is 1 - 10001101000100?
-10001101000011
In base 3, what is 1111002222200 - -20?
1111002222220
In base 15, what is -4 - 1414?
-1418
In base 9, what is 223 - -236?
460
In base 3, what is 110 + -22110102?
-22102222
In base 13, what is 19a458 - 1?
19a457
In base 13, what is 0 - 2778?
-2778
In base 8, what is -200143 - 4?
-200147
In base 5, what is -223024 - 32?
-223111
In base 10, what is 2 - -1065?
1067
In base 5, what is -2 + 21144342?
21144340
In base 9, what is 5360 + -37?
5322
In base 3, what is 12201020 + 10?
12201100
In base 11, what is -7 - 14476a?
-144776
In base 12, what is bb4 - -7?
bbb
In base 2, what is -1110001 + 110101110?
100111101
In base 9, what is 10086 - -1?
10087
In base 14, what is -50b + b9?
-432
In base 6, what is 23434230 - -3?
23434233
In base 12, what is -232 + 198?
-56
In base 13, what is -5 + -9b23c?
-9b244
In base 5, what is -343401140 - 4?
-343401144
In base 6, what is 4550 - 5524?
-534
In base 14, what is 84 - -1b5d?
1c03
In base 9, what is 2 + 11766?
11768
In base 6, what is -22230044 + -1?
-22230045
In base 5, what is -30223 - -3211?
-22012
In base 2, what is -10111011011101101010 + 101?
-10111011011101100101
In base 9, what is -36261 - -3?
-36257
In base 9, what is -76343 + 1?
-76342
In base 2, what is -10110011111 + -1111110?
-11000011101
In base 4, what is 230100 + -33?
230001
In base 15, what is 0 + -8e54?
-8e54
In base 6, what is -20235514 + 13?
-20235501
In base 15, what is -27d - b4?
-342
In base 7, what is -51630 + 125?
-51502
In base 12, what is 4 - 1383b?
-13837
In base 14, what is 11cba - 5?
11cb5
In base 15, what is -6da7 + -5?
-6dac
In base 8, what is -2312477 - 3?
-2312502
In base 12, what is 1833 + 6?
1839
In base 9, what is -5616 + 53?
-5553
In base 14, what is 11146 + -2?
11144
In base 13, what is -13447 + 0?
-13447
In base 14, what is 4 + d8cc?
d8d2
In base 10, what is 9 + 3416?
3425
In base 6, what is 21 + -23220?
-23155
In base 7, what is -5 - 116224?
-116232
In base 2, what is 1100011001 - 11110?
1011111011
In base 2, what is 10000000100 - -1100000?
10001100100
In base 7, what is 325 + -133?
162
In base 8, what is 2 + -3154?
-3152
In base 12, what is -31 - -14780?
1474b
In base 14, what is -1d6b - a?
-1d77
In base 5, what is -3022 + 310?
-2212
In base 5, what is -13013 - -204?
-12304
In base 10, what is 4 + -1741?
-1737
In base 14, what is -5 + -3aa6?
-3aab
In base 5, what is -21 + -122?
-143
In base 10, what is -638781 + 2?
-638779
In base 2, what is 1010100111000000010 + -101?
1010100110111111101
In base 16, what is -e + 445c?
444e
In base 16, what is -83 + 32?
-51
In base 11, what is 44 - -a031?
a075
In base 9, what is 4 - -12276?
12281
In base 9, what is 1004656 - 2?
1004654
In base 13, what is -3 + -31980?
-31983
In base 7, what is -5 - -1615335?
1615330
In base 4, what is 30222032 - 11?
30222021
In base 7, what is -42 - -100330?
100255
In base 4, what is -13 + -23330201?
-23330220
In base 3, what is 1222 - -1102200?
1111122
In base 3, what is -12012 + 102222?
20210
In base 7, what is 2101 - 1122?
646
In base 15, what is -1053 - 5?
-1058
In base 3, what is 211000 + -11022002?
-10111002
In base 6, what is -25255 - 205?
-25504
In base 7, what is 0 - -60032?
60032
In base 8, what is -3 + 37426?
37423
In base 8, what is -1032 - -26?
-1004
In base 3, what is 10222101 + 111211?
11111012
In base 16, what is 30 + 2f?
5f
In base 15, what is 1aaa + -4a?
1a6